{"id":1561,"date":"2015-11-30T10:58:27","date_gmt":"2015-11-30T09:58:27","guid":{"rendered":"http:\/\/parroquiaanunciacion.com\/colegio\/?page_id=1561"},"modified":"2017-01-18T21:31:03","modified_gmt":"2017-01-18T20:31:03","slug":"maria-montessori","status":"publish","type":"page","link":"https:\/\/parroquiaanunciacion.com\/colegio\/maria-montessori\/","title":{"rendered":"Dra. Mar\u00eda Montessori"},"content":{"rendered":"<h2 style=\"text-align: center;\"><a href=\"http:\/\/parroquiaanunciacion.com\/colegio\/wp-content\/uploads\/2015\/11\/maria-montessori-1349x579.jpg\"><img loading=\"lazy\" decoding=\"async\" data-attachment-id=\"2442\" data-permalink=\"https:\/\/parroquiaanunciacion.com\/colegio\/maria-montessori\/maria-montessori-1349x579\/\" data-orig-file=\"https:\/\/parroquiaanunciacion.com\/colegio\/wp-content\/uploads\/2015\/11\/maria-montessori-1349x579.jpg\" data-orig-size=\"1349,579\" data-comments-opened=\"0\" data-image-meta=\"{&quot;aperture&quot;:&quot;0&quot;,&quot;credit&quot;:&quot;&quot;,&quot;camera&quot;:&quot;&quot;,&quot;caption&quot;:&quot;&quot;,&quot;created_timestamp&quot;:&quot;0&quot;,&quot;copyright&quot;:&quot;&quot;,&quot;focal_length&quot;:&quot;0&quot;,&quot;iso&quot;:&quot;0&quot;,&quot;shutter_speed&quot;:&quot;0&quot;,&quot;title&quot;:&quot;&quot;,&quot;orientation&quot;:&quot;0&quot;}\" data-image-title=\"maria-montessori-1349&amp;#215;579\" data-image-description=\"\" data-image-caption=\"\" data-large-file=\"https:\/\/parroquiaanunciacion.com\/colegio\/wp-content\/uploads\/2015\/11\/maria-montessori-1349x579-1024x440.jpg\" class=\" wp-image-2442 aligncenter\" src=\"http:\/\/parroquiaanunciacion.com\/colegio\/wp-content\/uploads\/2015\/11\/maria-montessori-1349x579-300x129.jpg\" alt=\"maria-montessori-1349x579\" width=\"769\" height=\"329\" srcset=\"https:\/\/parroquiaanunciacion.com\/colegio\/wp-content\/uploads\/2015\/11\/maria-montessori-1349x579-300x129.jpg 300w, https:\/\/parroquiaanunciacion.com\/colegio\/wp-content\/uploads\/2015\/11\/maria-montessori-1349x579-1024x440.jpg 1024w, https:\/\/parroquiaanunciacion.com\/colegio\/wp-content\/uploads\/2015\/11\/maria-montessori-1349x579.jpg 1349w\" sizes=\"(max-width: 769px) 100vw, 769px\" \/><\/a><\/h2>\n<h3><\/h3>\n<p style=\"text-align: justify;\">Mar\u00eda Montessori (31 de agosto de 1870 \u2013 6 de mayo de 1952). Naci\u00f3 Chiaravalle, provincia de\u00a0Ancona, Italia,\u00a0en el seno de una familia burguesa.<\/p>\n<p style=\"text-align: justify;\">Se gradu\u00f3 en la Escuela de Medicina de la Universidad de Roma en 1896, como la primera mujer m\u00e9dico en Italia.<\/p>\n<p style=\"text-align: justify;\">En 1901 fue designada directora de una cl\u00ednica psiqui\u00e1trica asociada a la Universidad de Roma, dedicada al cuidado\u00a0de ni\u00f1os con retrasos mentales. Se interes\u00f3 por la educaci\u00f3n de estos ni\u00f1os, y aplic\u00f3 m\u00e9todos experimentales consiguiendo que estos ni\u00f1os aprendieran a leer y escribir.\u00a0\u00a0A trav\u00e9s de su pr\u00e1ctica profesional lleg\u00f3 a la conclusi\u00f3n de que los ni\u00f1os\u00a0\u00abse construyen a s\u00ed mismos\u00bb\u00a0a partir de elementos del ambiente y, para comprobarlo, volvi\u00f3 a las aulas universitarias a estudiar filosof\u00eda, psicolog\u00eda, educaci\u00f3n y antropolog\u00eda, con el fin de preparase para su nuevo papel como educadora.<\/p>\n<h3 style=\"text-align: justify;\"><\/h3>\n<div id=\"attachment_2443\" style=\"width: 334px\" class=\"wp-caption alignleft\"><a href=\"http:\/\/parroquiaanunciacion.com\/colegio\/wp-content\/uploads\/2015\/11\/f8f749e4eee83c1e03576ee392bfad3a.jpg\"><img loading=\"lazy\" decoding=\"async\" aria-describedby=\"caption-attachment-2443\" data-attachment-id=\"2443\" data-permalink=\"https:\/\/parroquiaanunciacion.com\/colegio\/maria-montessori\/photo-by-nachiappan-1939\/\" data-orig-file=\"https:\/\/parroquiaanunciacion.com\/colegio\/wp-content\/uploads\/2015\/11\/f8f749e4eee83c1e03576ee392bfad3a.jpg\" data-orig-size=\"736,552\" data-comments-opened=\"0\" data-image-meta=\"{&quot;aperture&quot;:&quot;0&quot;,&quot;credit&quot;:&quot;&quot;,&quot;camera&quot;:&quot;&quot;,&quot;caption&quot;:&quot;Photo by Nachiappan 1939&quot;,&quot;created_timestamp&quot;:&quot;0&quot;,&quot;copyright&quot;:&quot;&quot;,&quot;focal_length&quot;:&quot;0&quot;,&quot;iso&quot;:&quot;0&quot;,&quot;shutter_speed&quot;:&quot;0&quot;,&quot;title&quot;:&quot;Photo by Nachiappan 1939&quot;,&quot;orientation&quot;:&quot;0&quot;}\" data-image-title=\"Photo by Nachiappan 1939\" data-image-description=\"\" data-image-caption=\"&lt;p&gt;Photo by Nachiappan 1939&lt;\/p&gt;\n\" data-large-file=\"https:\/\/parroquiaanunciacion.com\/colegio\/wp-content\/uploads\/2015\/11\/f8f749e4eee83c1e03576ee392bfad3a.jpg\" class=\" wp-image-2443\" src=\"http:\/\/parroquiaanunciacion.com\/colegio\/wp-content\/uploads\/2015\/11\/f8f749e4eee83c1e03576ee392bfad3a-300x225.jpg\" alt=\"Photo by Nachiappan 1939\" width=\"324\" height=\"243\" srcset=\"https:\/\/parroquiaanunciacion.com\/colegio\/wp-content\/uploads\/2015\/11\/f8f749e4eee83c1e03576ee392bfad3a-300x225.jpg 300w, https:\/\/parroquiaanunciacion.com\/colegio\/wp-content\/uploads\/2015\/11\/f8f749e4eee83c1e03576ee392bfad3a.jpg 736w\" sizes=\"(max-width: 324px) 100vw, 324px\" \/><\/a><p id=\"caption-attachment-2443\" class=\"wp-caption-text\">Mar\u00eda Montessori. India. 1939<\/p><\/div>\n<p style=\"text-align: justify;\">En 1907 fund\u00f3 la \u201cCasa dei Bambini\u201d (Casa de los Ni\u00f1os) y desarroll\u00f3 el M\u00e9todo Montessori de Ense\u00f1anza, basado en la observaci\u00f3n de los ni\u00f1os. Consider\u00f3 al Ni\u00f1o como aut\u00e9ntico protagonista de todo el proceso educativo. El \u00e9xito de esta primera \u201cEscuela Montessori\u201d despert\u00f3 el inter\u00e9s por este M\u00e9todo\u00a0en todo el mundo y se establecieron varias escuelas en distintos pa\u00edses.<\/p>\n<p style=\"text-align: justify;\">En 1909 Maria Montessori public\u00f3 su primer libro basado en esta experiencia, \u201cThe Montessori Method\u201d y comenz\u00f3 una gira por el mundo difundiendo sus ideas y dando conferencias. En 1929, Mar\u00eda Montessori fund\u00f3 la Association Montessori Internationale <a href=\"http:\/\/ami-global.org\/\">(AMI)<\/a> para preservar la integridad de su legado. Durante el r\u00e9gimen de Mussolini, Mar\u00eda Montessori se exili\u00f3 en Espa\u00f1a y en 1936, ante la Guerra Civil espa\u00f1ola, se mud\u00f3 a Holanda, donde vivir\u00eda hasta su muerte. En 1939 fue invitada a la India, donde permaneci\u00f3 hasta el fin de la segunda guerra mundial. Durante este tiempo organiz\u00f3 varios cursos de entrenamiento en el M\u00e9todo Montessori que le dieron un fuerte impulso al movimiento en la India. En 1949 la Dra. Montessori volvi\u00f3 a Holanda. Durante los \u00faltimos a\u00f1os la \u201cEducaci\u00f3n por la Paz\u201d fue un principio fundamental en su trabajo. Muri\u00f3 en Holanda en 1952.<a href=\"http:\/\/parroquiaanunciacion.com\/colegio\/wp-content\/uploads\/2015\/11\/a49572ec7046c31ca86cbbe1d24a7d2c.jpg\"><img loading=\"lazy\" decoding=\"async\" data-attachment-id=\"2444\" data-permalink=\"https:\/\/parroquiaanunciacion.com\/colegio\/maria-montessori\/a49572ec7046c31ca86cbbe1d24a7d2c\/\" data-orig-file=\"https:\/\/parroquiaanunciacion.com\/colegio\/wp-content\/uploads\/2015\/11\/a49572ec7046c31ca86cbbe1d24a7d2c.jpg\" data-orig-size=\"635,465\" data-comments-opened=\"0\" data-image-meta=\"{&quot;aperture&quot;:&quot;0&quot;,&quot;credit&quot;:&quot;&quot;,&quot;camera&quot;:&quot;&quot;,&quot;caption&quot;:&quot;&quot;,&quot;created_timestamp&quot;:&quot;0&quot;,&quot;copyright&quot;:&quot;&quot;,&quot;focal_length&quot;:&quot;0&quot;,&quot;iso&quot;:&quot;0&quot;,&quot;shutter_speed&quot;:&quot;0&quot;,&quot;title&quot;:&quot;&quot;,&quot;orientation&quot;:&quot;0&quot;}\" data-image-title=\"a49572ec7046c31ca86cbbe1d24a7d2c\" data-image-description=\"\" data-image-caption=\"\" data-large-file=\"https:\/\/parroquiaanunciacion.com\/colegio\/wp-content\/uploads\/2015\/11\/a49572ec7046c31ca86cbbe1d24a7d2c.jpg\" class=\" wp-image-2444 alignright\" src=\"http:\/\/parroquiaanunciacion.com\/colegio\/wp-content\/uploads\/2015\/11\/a49572ec7046c31ca86cbbe1d24a7d2c-300x220.jpg\" alt=\"a49572ec7046c31ca86cbbe1d24a7d2c\" width=\"340\" height=\"249\" srcset=\"https:\/\/parroquiaanunciacion.com\/colegio\/wp-content\/uploads\/2015\/11\/a49572ec7046c31ca86cbbe1d24a7d2c-300x220.jpg 300w, https:\/\/parroquiaanunciacion.com\/colegio\/wp-content\/uploads\/2015\/11\/a49572ec7046c31ca86cbbe1d24a7d2c.jpg 635w\" sizes=\"(max-width: 340px) 100vw, 340px\" \/><\/a><\/p>\n<p style=\"text-align: justify;\">\u00abEl ni\u00f1o, con su enorme potencial f\u00edsico e intelectual, es un milagro frente a nosotros. Este hecho debe ser transmitido a todos los padres, educadores y personas interesadas en ni\u00f1os, porque la educaci\u00f3n desde el comienzo de la vida podr\u00eda cambiar verdaderamente el presente y futuro de la sociedad. Tenemos que tener claro, eso s\u00ed, que el desarrollo del potencial humano no est\u00e1 determinado por nosotros. Solo podemos\u00a0servir\u00a0al desarrollo del ni\u00f1o, pues este se realiza en un espacio en el que hay leyes que rigen el funcionamiento de cada ser humano y cada desarrollo tiene que estar en armon\u00eda con todo el mundo que nos rodea y con todo el universo\u00bb.<\/p>\n<p style=\"text-align: justify;\">Para conocer m\u00e1s sobre la obra de Mar\u00eda Montessori:<\/p>\n<ul>\n<li>\n<h3><a href=\"http:\/\/www.montessoriparatodos.es\/65-libros-montessori\">Bibliograf\u00eda sobre Mar\u00eda Montessori<\/a><\/h3>\n<\/li>\n<li>\n<h3><a href=\"http:\/\/es.scribd.com\/doc\/105626490\/montessori-maria-la-santa-misa-vivida-por-los-ninos#scribd\">\u00abLa Santa Misa vivida por los ni\u00f1os\u00bb<\/a><\/h3>\n<\/li>\n<li>\n<h3><a href=\"http:\/\/www.antorcha.net\/biblioteca_virtual\/pedagogia\/montessori\/indice.html\">\u00abIdeas generales sobre el M\u00e9todo Manual Pr\u00e1ctico Montessori\u00bb<\/a><\/h3>\n<\/li>\n<\/ul>\n<h3><\/h3>\n<p>&nbsp;<\/p>\n<p style=\"text-align: justify; padding-left: 60px;\"><a href=\"http:\/\/parroquiaanunciacion.com\/colegio\/wp-content\/uploads\/2015\/11\/montessori2.jpg\"><img loading=\"lazy\" decoding=\"async\" data-attachment-id=\"1626\" data-permalink=\"https:\/\/parroquiaanunciacion.com\/colegio\/maria-montessori\/montessori2\/\" data-orig-file=\"https:\/\/parroquiaanunciacion.com\/colegio\/wp-content\/uploads\/2015\/11\/montessori2.jpg\" data-orig-size=\"982,714\" data-comments-opened=\"0\" data-image-meta=\"{&quot;aperture&quot;:&quot;0&quot;,&quot;credit&quot;:&quot;&quot;,&quot;camera&quot;:&quot;&quot;,&quot;caption&quot;:&quot;&quot;,&quot;created_timestamp&quot;:&quot;0&quot;,&quot;copyright&quot;:&quot;&quot;,&quot;focal_length&quot;:&quot;0&quot;,&quot;iso&quot;:&quot;0&quot;,&quot;shutter_speed&quot;:&quot;0&quot;,&quot;title&quot;:&quot;&quot;,&quot;orientation&quot;:&quot;1&quot;}\" data-image-title=\"montessori2\" data-image-description=\"\" data-image-caption=\"\" data-large-file=\"https:\/\/parroquiaanunciacion.com\/colegio\/wp-content\/uploads\/2015\/11\/montessori2.jpg\" class=\" wp-image-1626 aligncenter\" src=\"http:\/\/parroquiaanunciacion.com\/colegio\/wp-content\/uploads\/2015\/11\/montessori2-300x218.jpg\" alt=\"montessori2\" width=\"525\" height=\"382\" srcset=\"https:\/\/parroquiaanunciacion.com\/colegio\/wp-content\/uploads\/2015\/11\/montessori2-300x218.jpg 300w, https:\/\/parroquiaanunciacion.com\/colegio\/wp-content\/uploads\/2015\/11\/montessori2.jpg 982w\" sizes=\"(max-width: 525px) 100vw, 525px\" \/><\/a><\/p>\n","protected":false},"excerpt":{"rendered":"<p>Mar\u00eda Montessori (31 de agosto de 1870 \u2013 6 de mayo de 1952). Naci\u00f3 Chiaravalle, provincia de\u00a0Ancona, Italia,\u00a0en el seno de una familia burguesa. Se gradu\u00f3 en la Escuela de Medicina de la Universidad de Roma en 1896, como la primera mujer m\u00e9dico en Italia. En 1901 fue designada directora de una cl\u00ednica psiqui\u00e1trica asociada [&hellip;]<\/p>\n","protected":false},"author":6,"featured_media":0,"parent":0,"menu_order":0,"comment_status":"closed","ping_status":"closed","template":"","meta":{"_et_pb_use_builder":"","_et_pb_old_content":"","_et_gb_content_width":"","jetpack_post_was_ever_published":false,"footnotes":""},"class_list":["post-1561","page","type-page","status-publish","hentry"],"jetpack_sharing_enabled":true,"jetpack_shortlink":"https:\/\/wp.me\/P2dxaQ-pb","_links":{"self":[{"href":"https:\/\/parroquiaanunciacion.com\/colegio\/wp-json\/wp\/v2\/pages\/1561","targetHints":{"allow":["GET"]}}],"collection":[{"href":"https:\/\/parroquiaanunciacion.com\/colegio\/wp-json\/wp\/v2\/pages"}],"about":[{"href":"https:\/\/parroquiaanunciacion.com\/colegio\/wp-json\/wp\/v2\/types\/page"}],"author":[{"embeddable":true,"href":"https:\/\/parroquiaanunciacion.com\/colegio\/wp-json\/wp\/v2\/users\/6"}],"replies":[{"embeddable":true,"href":"https:\/\/parroquiaanunciacion.com\/colegio\/wp-json\/wp\/v2\/comments?post=1561"}],"version-history":[{"count":15,"href":"https:\/\/parroquiaanunciacion.com\/colegio\/wp-json\/wp\/v2\/pages\/1561\/revisions"}],"predecessor-version":[{"id":2490,"href":"https:\/\/parroquiaanunciacion.com\/colegio\/wp-json\/wp\/v2\/pages\/1561\/revisions\/2490"}],"wp:attachment":[{"href":"https:\/\/parroquiaanunciacion.com\/colegio\/wp-json\/wp\/v2\/media?parent=1561"}],"curies":[{"name":"wp","href":"https:\/\/api.w.org\/{rel}","templated":true}]}}